 the highest common divisor of 567968825 and 250?
25
Calculate the highest common factor of 225 and 507400110.
45
Calculate the highest common factor of 2169794 and 1122.
22
What is the greatest common divisor of 7307 and 131?
1
Calculate the highest common divisor of 2113 and 608165773.
2113
Calculate the greatest common factor of 37990 and 31378430.
1310
Calculate the greatest common factor of 26544246 and 4650.
186
What is the highest common factor of 290035 and 336905?
215
Calculate the greatest common factor of 4218 and 5084799.
2109
Calculate the greatest common factor of 247410 and 3510.
90
What is the highest common divisor of 1808412818 and 393?
131
What is the greatest common factor of 32536 and 697368?
392
Calculate the greatest common factor of 2207501 and 493.
17
What is the greatest common divisor of 1597 and 414336859?
1597
What is the highest common factor of 8 and 14973052?
4
Calculate the highest common divisor of 59879512 and 159236.
3388
What is the highest common divisor of 287897 and 1629887?
1147
Calculate the greatest common divisor of 10224 and 352368.
144
What is the greatest common divisor of 9 and 312926?
1
Calculate the greatest common factor of 3454 and 1422762.
22
Calculate the highest common divisor of 2739 and 3798927.
33
What is the greatest common factor of 61995 and 9030?
15
Calculate the greatest common divisor of 31886075 and 22815.
845
Calculate the greatest common divisor of 36073113 and 111.
111
Calculate the highest common divisor of 42301 and 23093.
7
Calculate the highest common divisor of 11679210 and 90.
90
What is the highest common divisor of 540732 and 19?
1
Calculate the highest common factor of 9408 and 1024968.
168
Calculate the greatest common divisor of 1326 and 3026918.
34
What is the highest common factor of 1215 and 10443645?
45
Calculate the greatest common divisor of 3015 and 51864633.
603
Calculate the greatest common divisor of 29621 and 4579.
19
Calculate the highest common factor of 1201 and 227429767.
1201
Calculate the greatest common factor of 875 and 5440750.
875
What is the greatest common factor of 7384849 and 719?
719
Calculate the greatest common divisor of 1067 and 276023.
11
Calculate the highest common divisor of 1161 and 170151.
129
Calculate the highest common divisor of 194917824 and 2944.
1472
Calculate the highest common factor of 17402350 and 1925.
175
Calculate the highest common divisor of 58636 and 16988.
548
What is the highest common divisor of 54038470 and 3230?
190
What is the greatest common factor of 34268580 and 244?
244
What is the greatest common divisor of 1489238 and 2110?
422
Calculate the highest common factor of 2570 and 9446035.
1285
What is the highest common divisor of 16610 and 10726285?
755
What is the highest common factor of 181633 and 12380498?
4909
What is the highest common factor of 8452486 and 14?
14
What is the highest common factor of 1491 and 346020843?
1491
Calculate the greatest common factor of 35689133 and 9008.
563
What is the highest common factor of 4051087 and 164?
41
Calculate the greatest common divisor of 25767748 and 28777.
4111
What is the highest common factor of 253052 and 98?
2
What is the highest common factor of 903 and 106373013?
129
What is the greatest common divisor of 11240343 and 6?
3
What is the greatest common divisor of 14877 and 141041123?
551
Calculate the greatest common divisor of 3808674 and 2977362.
4518
Calculate the highest common divisor of 1691 and 3144726.
89
Calculate the highest common factor of 13368 and 29271464.
4456
What is the highest common factor of 46 and 1247124400?
46
Calculate the highest common factor of 397824 and 1132866.
1554
Calculate the greatest common factor of 3822 and 13655124.
294
What is the greatest common factor of 7384680 and 792?
72
Calculate the greatest common factor of 451776 and 421824.
2496
Calculate the highest common factor of 24 and 6107576.
8
Calculate the greatest common divisor of 4188 and 206073332.
1396
Calculate the highest common divisor of 1698 and 33122886.
1698
Calculate the greatest common divisor of 60 and 54225915.
15
What is the highest common divisor of 1422 and 433883958?
474
Calculate the greatest common divisor of 44218352 and 2256.
752
What is the greatest common factor of 501 and 17705507?
167
What is the greatest common factor of 10577 and 2471?
7
Calculate the greatest common divisor of 1683850 and 206024.
3962
Calculate the greatest common factor of 113 and 3022178220.
113
Calculate the greatest common divisor of 570 and 15233250.
570
What is the highest common factor of 270668733 and 2598?
1299
What is the highest common divisor of 45 and 150887465?
5
What is the greatest common divisor of 2404125 and 92250?
1125
Calculate the highest common divisor of 15753045 and 154.
77
What is the highest common factor of 290940 and 17004?
156
Calculate the highest common divisor of 60965 and 1794015.
685
What is the greatest common factor of 125804 and 4852?
4
What is the greatest common factor of 14049436 and 2807?
401
What is the greatest common factor of 2777 and 2336456720?
2777
Calculate the highest common factor of 1993635 and 7560.
315
What is the greatest common divisor of 460 and 142033820?
20
Calculate the greatest common factor of 31925 and 195675.
25
What is the highest common divisor of 88207530 and 345?
345
What is the highest common factor of 40 and 578450420?
20
Calculate the highest common divisor of 18 and 26287926.
6
Calculate the highest common divisor of 1106204 and 24676.
124
What is the greatest common factor of 5592195 and 70315?
1435
What is the greatest common divisor of 70 and 82280?
10
Calculate the highest common divisor of 493080 and 4415.
5
Calculate the highest common divisor of 40688 and 154848.
16
What is the highest common factor of 90286228 and 8?
4
Calculate the highest common factor of 1884 and 6368548.
628
Calculate the highest common factor of 234 and 4826574.
18
What is the highest common factor of 1377 and 14314986?
153
What is the highest common divisor of 2612306 and 234146?
734
What is the highest common divisor of 13 and 115346452?
13
What is the highest common factor of 19316109 and 4995?
111
Calculate the greatest common divisor of 117385662 and 14368.
898
Calculate the highest common factor of 503186 and 132182.
86
Calculate the highest common factor of 10493 and 12720514.
1499
Calculate the highest common divisor of 77028 and 2350140.
1572
What is the greatest common divisor of 62387241 and 686?
343
What is the greatest common factor of 927 and 18600461?
103
What is the highest common factor of 443487333 and 93?
93
Calculate the highest common factor of 108455 and 675605.
995
What is the greatest common divisor of 5432688 and 43958?
62
Calculate the greatest common factor of 4557916 and 814122.
2918
Calculate the greatest common factor of 21712531 and 22333.
971
Calculate the greatest common divisor of 137561 and 31885.
911
Calculate the highest common divisor of 4612641 and 679.
97
What is the greatest common divisor of 2656 and 19714824?
664
Calculate the highest common divisor of 1048344 and 759396.
1452
What is the greatest common divisor of 136312 and 963478?
3098
Calculate the highest common divisor of 1382582 and 98606.
2098
What is the greatest common factor of 214569 and 14823?
243
Calculate the greatest common factor of 2237925 and 15.
15
Calculate the greatest common factor of 5747532 and 3444.
84
Calculate the highest common factor of 5480784 and 100.
4
Calculate the greatest common divisor of 1186968222 and 46.
46
What is the greatest common factor of 276 and 24750507?
69
Calculate the highest common divisor of 5118 and 10565258.
1706
What is the highest common factor of 44 and 6807874?
2
What is the highest common divisor of 48 and 112647?
3
Calculate the greatest common factor of 2847411 and 63.
63
What is the highest common factor of 27552 and 41391?
21
Calculate the highest common divisor of 7 and 178091844.
7
Calculate the greatest common divisor of 1819400 and 114400.
2200
What is the greatest common divisor of 2046720 and 3692?
52
What is the greatest common divisor of 840 and 41731935?
105
Calculate the greatest common divisor of 976380 and 299400.
60
Calculate the highest 